rue
Is 9 a factor of 71162064?
True
Is 2 a factor of 49938252?
True
Is 38280243 a multiple of 51?
True
Does 164 divide 5684732?
True
Is 34 a factor of 355915013?
False
Does 318 divide 94274005?
False
Does 191 divide 88071722?
False
Is 5367 a factor of 367606196?
False
Does 1214 divide 173695655?
False
Does 79 divide 26007195?
True
Does 224 divide 65305365?
False
Is 65861406 a multiple of 222?
True
Is 19041215 a multiple of 7?
False
Does 358 divide 700833754?
False
Is 3207961 a multiple of 20?
False
Is 192194860 a multiple of 935?
True
Does 425 divide 335240000?
True
Is 21 a factor of 77922789?
True
Is 755444564 a multiple of 387?
False
Does 5228 divide 3094280676?
True
Is 851315881 a multiple of 247?
True
Is 170 a factor of 19080383?
False
Does 4 divide 7197444?
True
Is 577 a factor of 3355255?
True
Does 46 divide 3886112?
False
Is 2248217439 a multiple of 23?
False
Does 54 divide 397704816?
True
Is 5463143 a multiple of 1163?
False
Is 36112146 a multiple of 2121?
True
Is 1200 a factor of 685016517?
False
Does 36 divide 538717788?
True
Is 46243200 a multiple of 300?
True
Is 42497573 a multiple of 605?
False
Does 16 divide 688143572?
False
Does 13 divide 40013822?
False
Is 25035683 a multiple of 87?
False
Is 774 a factor of 178119846?
True
Is 30420207 a multiple of 55?
False
Is 231387768 a multiple of 1692?
True
Is 691 a factor of 61478270?
True
Does 93 divide 27212688?
False
Does 827 divide 123976344?
False
Is 188 a factor of 2826176176?
True
Does 1225 divide 292710712?
False
Is 223735 a multiple of 16?
False
Is 11638692 a multiple of 457?
False
Does 9 divide 255716945?
False
Is 759799201 a multiple of 6932?
False
Does 95 divide 541791589?
False
Is 5220 a factor of 345856320?
True
Is 557019787 a multiple of 355?
False
Is 2032480217 a multiple of 271?
True
Is 34925202 a multiple of 801?
True
Does 5 divide 115349718?
False
Is 318906902 a multiple of 122?
True
Is 723626823 a multiple of 574?
False
Is 621 a factor of 170447733?
True
Does 91 divide 227875208?
False
Is 157083068 a multiple of 1306?
True
Is 45 a factor of 7382620?
False
Is 1048 a factor of 42558931?
False
Is 28 a factor of 7788816?
True
Is 483 a factor of 2421399037?
False
Does 2593 divide 285935296?
True
Is 922 a factor of 20052578?
True
Is 1602 a factor of 3538813?
False
Is 420848400 a multiple of 8?
True
Does 4 divide 447133152?
True
Is 9747728 a multiple of 55?
False
Is 367835169 a multiple of 62?
False
Does 175 divide 2494625?
True
Is 8 a factor of 37001840?
True
Is 52 a factor of 380790904?
True
Is 84434616 a multiple of 216?
True
Is 356229422 a multiple of 463?
True
Is 18448944 a multiple of 239?
False
Is 6 a factor of 195197760?
True
Is 894465 a multiple of 15?
True
Does 351 divide 368759898?
True
Is 2260 a factor of 19773715?
False
Is 7 a factor of 312805122?
True
Does 785 divide 28736595?
False
Is 51038074 a multiple of 1418?
True
Is 182805964 a multiple of 176?
False
Is 4339 a factor of 706918558?
True
Does 290 divide 4469190?
True
Is 177 a factor of 208030224?
True
Is 25415494 a multiple of 3302?
True
Does 188 divide 445664245?
False
Is 87 a factor of 69897508?
False
Is 4125310 a multiple of 245?
True
Is 778203750 a multiple of 30?
True
Does 12 divide 1584624579?
False
Is 13 a factor of 1297543416?
True
Is 417 a factor of 374930971?
False
Is 331783392 a multiple of 1696?
True
Does 1371 divide 19745105?
False
Is 6967125 a multiple of 11?
True
Is 484901256 a multiple of 1736?
True
Does 114 divide 256583562?
True
Is 66457614 a multiple of 829?
True
Is 61766320 a multiple of 20?
True
Is 425249244 a multiple of 1284?
True
Does 45 divide 132741044?
False
Is 13 a factor of 324097878?
True
Does 223 divide 47717402?
False
Does 854 divide 145513060?
True
Does 23 divide 65255876?
True
Is 10414264 a multiple of 628?
False
Is 28975424 a multiple of 16?
True
Is 41776303 a multiple of 1570?
False
Does 14 divide 548701188?
True
Is 2139 a factor of 525607914?
True
Does 3624 divide 97866120?
True
Does 105 divide 1777870377?
False
Is 103065227 a multiple of 3146?
False
Does 157 divide 54106994?
False
Does 14 divide 546832894?
False
Is 5675912 a multiple of 88?
True
Does 18 divide 2920226840?
False
Is 63 a factor of 510199713?
False
Is 49514340 a multiple of 10?
True
Is 320 a factor of 65126080?
True
Is 267 a factor of 43277763?
True
Is 478 a factor of 141144796?
True
Is 96469307 a multiple of 21?
False
Is 81 a factor of 24997668?
False
Is 67 a factor of 1331796040?
False
Does 177 divide 40030851?
True
Does 16 divide 17188896?
True
Does 2 divide 37662948?
True
Does 2391 divide 52222287?
False
Does 62 divide 1738312724?
True
Is 440535870 a multiple of 15?
True
Does 468 divide 26127892?
False
Is 2711421 a multiple of 9?
True
Is 3 a factor of 28332361?
False
Is 226 a factor of 11388113?
False
Does 519 divide 41663024?
False
Does 332 divide 15730160?
True
Is 258438059 a multiple of 11?
True
Is 105 a factor of 408476880?
True
Is 262592750 a multiple of 50?
True
Does 1739 divide 460298927?
False
Is 93 a factor of 31807578?
False
Is 93584444 a multiple of 23?
False
Is 867 a factor of 57039063?
True
Does 734 divide 196981378?
True
Is 58 a factor of 45563118?
True
Does 2399 divide 73983410?
False
Is 26 a factor of 138721048?
False
Is 649 a factor of 8725663?
False
Is 492670601 a multiple of 5780?
False
Is 6181 a factor of 663672513?
True
Does 28 divide 383434265?
False
Does 14 divide 297187072?
True
Does 70 divide 31238?
False
Is 22 a factor of 136282454?
True
Is 723 a factor of 35045375?
False
Is 259 a factor of 98098322?
True
Is 103 a factor of 52593551?
True
Is 779292158 a multiple of 513?
False
Is 210188979 a multiple of 351?
True
Is 1643 a factor of 9629623?
True
Is 997846872 a multiple of 8?
True
Is 8405 a factor of 255352305?
True
Does 429 divide 263931563?
False
Is 3 a factor of 275244220?
False
Does 551 divide 3448506401?
False
Is 146719157 a multiple of 587?
False
Is 94 a factor of 5808335?
False
Does 24 divide 2479944297?
False
Is 50627062 a multiple of 2137?
False
Is 904972289 a multiple of 87?
False
Is 1039 a factor of 21519768?
True
Does 57 divide 432725262?
False
Is 28 a factor of 218159172?
True
Is 122 a factor of 9062160?
True
Does 7 divide 161139293?
True
Does 1273 divide 2828961697?
False
Does 474 divide 20198165?
False
Is 31 a factor of 2762896390?
True
Is 117 a factor of 16219835?
False
Is 37 a factor of 2661365193?
True
Does 29 divide 2243211240?
False
Is 22 a factor of 247572952?
True
Is 10 a factor of 3373933580?
True
Is 13 a factor of 228590527?
False
Does 20 divide 4990700?
True
Does 27 divide 52684587?
True
Is 4 a factor of 71498828?
True
Is 77854677 a multiple of 5?
False
Is 480 a factor of 102493920?
True
Is 6941 a factor of 400312660?
False
Is 133172818 a multiple of 3563?
False
Does 749 divide 43452486?
True
Is 554741000 a multiple of 11?
True
Does 8 divide 7070539?
False
Does 19 divide 4629377775?
False
Is 2535 a factor of 112900854?
False
Is 38 a factor of 1810486440?
True
Does 14 divide 7094696?
True
Is 42 a factor of 176342309?
False
Is 199 a factor of 1463730171?
False
Is 7405912555 a multiple of 21?
False
Is 780 a factor of 198259620?
True
Does 2 divide 19076719?
False
Is 30072522 a multiple of 634?
True
Is 283 a factor of 472961966?
False
Does 315 divide 154458990?
True
Does 26 divide 28540278?
True
Does 27 divide 589859469?
True
Is 1027557048 a multiple of 12?
True
Is 7232 a factor of 2866555072?
True
Is 979875206 a multiple of 4?
False
Does 114 divide 9306849?
False
Is 37 a factor of 816311491?
False
Is 1612 a factor of 272991195?
False
Does 26 divide 10545700?
False
Is 20384076 a multiple of 1667?
True
Does 47 divide 129248355?
True
Does 96 divide 39512958?
False
Is 376 a factor of 78678752?
True
Does 291 divide 1850982723?
False
Is 1296044656 a multiple of 83?
False
Does 3 divide 154851843?
True
Does 85 divide 31007150?
True
Is 10215370 a multiple of 181?
False
Is 97 a factor of 6900524?
False
Is 35 a factor of 242608765?
True
Is 225334266 a multiple of 14?
False
Is 13 a factor of 29582514?
True
Is 1067921260 a multiple of 14?
True
Is 7860274 a multiple of 17?
False
Is 2641712 a multiple of 82?
True
Is 52 a factor of 806430?
False
Is 24 a factor of 109297776?
True
Is 107904959 a multiple of 887?
False
Does 3 divide 10771230?
True
Is 28503235 a multiple o